sor of 34 and z?
17
Suppose 0 = 2*p - 3*p + 5*z + 1490, 4*z = -8. What is the greatest common factor of p and 37?
37
Let i(t) = t**2 + 3*t - 5. Let h be i(2). Suppose 2*w + 5*v = 101, 3*v = h*w - 159 - 16. Calculate the highest common factor of w and 304.
38
Let j(m) = m**3 - 2*m**2 + 3*m + 3. Let x be j(-2). Let a be x/(-4) + 1/4. Suppose -a*g - g = -48. What is the greatest common divisor of 24 and g?
8
Let j = -66 - -21. Let c be (-2)/5 + (-2628)/j. Suppose 4*o - 86 = c. Calculate the greatest common factor of 4 and o.
4
Let v be (125/4)/(3/12). Suppose -i - 95 = -0*i + s, v = -i + 5*s. Let r = i + 150. What is the highest common factor of r and 10?
10
Let u be (10/30)/((1/1)/(-3)). Let p be u/7 + 141/7. Calculate the greatest common factor of p and 4.
4
Let k be 1*(0 - -8 - -30). What is the highest common factor of k and 19?
19
Let o = 224 - 204. What is the highest common divisor of o and 130?
10
Suppose 9*d - 703 = -6*d - 22*d. Suppose -c + 36 = -5*h - 110, 0 = 2*c + h - 347. What is the greatest common divisor of d and c?
19
Let a = -98 + 178. Let m(f) = -3*f - 21. Let d be m(-7). Suppose d*p = p - 16. Calculate the highest common divisor of a and p.
16
Let d(a) = -6*a - 26. Let b be d(-5). Let h be 6*(11 - 0) + (-4)/b. What is the greatest common factor of h and 26?
13
Let h(q) = q**3 - 24*q**2 - 1. Let u be h(24). Let y(n) = -2*n**3 - 2*n**2 - 2*n. Let m be y(u). Calculate the greatest common factor of m and 6.
2
Let r = -599 + 788. Calculate the greatest common factor of r and 9.
9
Let b be ((-80)/30)/((-4)/6). Let k be (b/(-6))/(3/(-621)). What is the highest common divisor of 23 and k?
23
Let m be 1/6 + (-8)/48. Let w be 3/6*4 + 11. Suppose m = -2*h + w + 91. Calculate the highest common factor of h and 13.
13
Let j(x) = 3*x**2 - 5*x - 2. Let s be j(5). Let z(b) = -6*b - 21*b + 6*b - 3*b - 3*b**2 - 5. Let p be z(-7). What is the greatest common factor of p and s?
16
Suppose -l - l + 2 = 0. Let g be 37/6 + l/(-6). Let p be g/(-4)*24/(-9). What is the greatest common factor of p and 4?
4
Suppose 23 = 3*j - 4. Let v = -58 + 88. Suppose -3*k + 7 = -2*f - v, -3*f + 3 = 2*k. Calculate the highest common factor of k and j.
9
Suppose 95*k = 93*k + 42. Let z(b) = b**2 - 4*b + 3. Let n be z(-6). Calculate the greatest common divisor of n and k.
21
Let r = -5 + -7. Let q = r + 13. Let l be ((-7)/35)/(q/(-15)). Calculate the greatest common divisor of 27 and l.
3
Suppose 0 = -8*g + 28 + 68. What is the greatest common factor of 432 and g?
12
Let s(a) = -29*a - 342. Let j be s(-13). What is the highest common factor of 1190 and j?
35
Let x = 21 - 39. Suppose 0*o + 4*o - 312 = 0. Let p = x + o. What is the greatest common divisor of p and 10?
10
Let q = -1 - -14. Let s = -62 + 114. Calculate the greatest common divisor of q and s.
13
Let a(c) = 5*c**2 + 3. Let v be a(-2). What is the highest common factor of 276 and v?
23
Let y(x) = -4*x - 2*x - 5 + 7*x. Let n be y(8). What is the greatest common divisor of n and 33?
3
Let d = 20 - 8. Suppose 6*p + 1 = 7*p, 3*p = -y + d. Let i = -154 + 172. Calculate the highest common factor of i and y.
9
Let s(z) = -z**2 - 10*z + 17. Let v be s(-11). Let w be 6/(-4)*(1 - 3). Let b = v - w. What is the greatest common divisor of 15 and b?
3
Suppose -5 = -4*k + 31. Let n(c) = -27*c - 1. Let u(w) = -1. Let g(d) = n(d) - u(d). Let x be g(-1). What is the greatest common factor of k and x?
9
Suppose 13*s + 1113 = 18*s - 4*x, 5*x + 1115 = 5*s. Calculate the greatest common divisor of s and 17.
17
Suppose 5 = -3*m - 2*m. Let g be ((-244)/(-48) + m/3)*4. What is the greatest common factor of g and 57?
19
Suppose -10 = 3*g - 4*h, -g - g + h = 0. Calculate the greatest common factor of 54 and g.
2
Let r be (-90)/(-54) + 344/6. What is the highest common factor of r and 1003?
59
Let h be 1 + 4 + -1 + 1. Suppose -5*d = z + 5 - 0, z = -4*d - 3. Calculate the highest common factor of h and z.
5
Let w be (0 + -2)*105/14. Let b be (42/w)/((-2)/20). Let g = b + -4. Calculate the greatest common factor of g and 60.
12
Let k be 35/11 + (-12)/66. Suppose k*w - w = 32. Suppose -115 = -22*b + 765. Calculate the highest common divisor of b and w.
8
Let d = -5 - 5. Let v be d*2/(-8)*(-12)/(-10). What is the highest common divisor of v and 21?
3
Let x be -7 + 1 - 1182/18*-12. What is the highest common factor of x and 34?
34
Let r(o) = 12*o + 8. Let h be r(-2). Let c = -7 - h. Calculate the greatest common divisor of 81 and c.
9
Suppose 157*j + 3616 = 173*j. Calculate the greatest common factor of j and 2.
2
Let m be (2 - 1) + -3 + 50/2. Calculate the greatest common factor of m and 23.
23
Let q = 7 - 7. Suppose -5*k = -q - 10. Suppose -2*a + 22 = k*j, 3*j - 2*a = j + 22. What is the highest common factor of j and 121?
11
Suppose -10 = -11*r + 12. Suppose -3*w + 86 = 5*p, r*w - 3*w + 5*p + 2 = 0. What is the greatest common factor of w and 33?
11
Suppose -2*i = -13 - 3. Suppose -175 = 7*l - 679. What is the highest common factor of l and i?
8
Let z(c) = -c + 1. Let m be -5 + 6 - 3*2. Let v be z(m). Suppose 5*q - 77 = 4*x + 1, -4*q + 5*x = -57. Calculate the highest common divisor of v and q.
6
Let n be (27/(-54))/((-1)/34). What is the greatest common factor of n and 68?
17
Suppose -14 = -9*w + 40. Calculate the highest common factor of w and 282.
6
Suppose 4*j - 3*p - 257 = -26, -5*p = 2*j - 135. What is the highest common divisor of j and 516?
12
Let m = -2 - -6. Suppose 3*o + 66 = 5*a, m*a - 40 = 2*o + 14. Calculate the greatest common factor of 3 and a.
3
Suppose -2*c = 2*c + 32. Let u(t) = -t + 6. Let z be u(c). Let w(k) = -2*k - 3. Let j be w(-5). What is the highest common factor of j and z?
7
Suppose 12*t - 119 + 23 = 0. Calculate the greatest common divisor of 44 and t.
4
Let s(g) = -2*g - 6. Let j be s(-8). Let w be ((-36)/j)/((-10)/25). Suppose w + 6 = z. What is the highest common factor of z and 120?
15
Suppose -3*v + 10 = 4. Suppose a = -y + 4*a - 1, v*a - 2 = 0. Let u be (-244)/(-12) - y/6. What is the highest common factor of 4 and u?
4
Suppose -4*l + c + 397 = 0, -2*c + 7 = 2*l - 189. Calculate the highest common divisor of 9 and l.
9
Let i be (1 - 0)*(-1953)/(-36) - 3/12. Suppose t - 27 = 9. Calculate the highest common divisor of t and i.
18
Let g = -84 + 111. What is the greatest common factor of g and 297?
27
Let u = -497 + 727. What is the greatest common divisor of 10 and u?
10
Suppose -6 = 3*w - 0*w. Let b be (49 + -9)/((-2)/w). Suppose -4 = t - 2*k + 1, -4*k - 5 = -5*t. Calculate the greatest common divisor of t and b.
5
Let x(k) = -3*k**3 + 138*k**2 - k + 72. Let g be x(46). What is the greatest common factor of 91 and g?
13
Let j be 8/(-44) - (-5364)/99. Calculate the highest common divisor of 27 and j.
27
Suppose 0 = -8*a + 10*a + 3*j - 36, 0 = -2*a - 5*j + 44. Suppose -32 = -2*f + 28. What is the greatest common factor of f and a?
6
Let r = 28 - 25. Suppose -4*w - r*w = -84. What is the greatest common factor of w and 132?
12
Suppose -1 + 11 = 4*c - 5*u, 3*u = -4*c + 26. Suppose c*d - 8*d = -288. Calculate the highest common divisor of 12 and d.
12
Let v = -94 - -309. What is the greatest common factor of 86 and v?
43
Let t(r) = r**2 + 8*r + 27. Let h be t(-8). Calculate the greatest common factor of 513 and h.
27
Suppose 0 = 2*a - 4*b - 400, 0*a + 3*a + 3*b = 645. Let f be (12/(-15))/((-3)/a). Let q be (-28)/12*(-24)/2. Calculate the greatest common divisor of q and f.
28
Suppose -6*v + 533 = -43. Suppose 3 = 2*r - 1. Let g be r/(-3) + 76/6. What is the greatest common divisor of g and v?
12
Let t(f) = f**3 - f**2 + f - 1. Let y be t(2). Suppose -4*n = -14 - 26. Let l be (2 - -20) + n/(-5). What is the greatest common factor of l and y?
5
Let n = 19 - 11. Let b = 27 + -11. Let q be 84/b + (-2)/n. Calculate the greatest common factor of q and 20.
5
Let r = -593 - -613. Suppose 5*j = q, -q + 2 = -2*j - 1. Calculate the highest common divisor of q and r.
5
Suppose -2*z + 25 = 1. Let t = 165 - 101. Suppose 3*p + 5*l = t, p - l = 5*p - 74. Calculate the greatest common divisor of z and p.
6
Suppose -4*y + 2*y + 80 = 0. Let l be 12 + -2 + (-5)/(5/2). Calculate the greatest common divisor of y and l.
8
Suppose b + 3*i + 0 = 3, 2*b - 3 = -3*i. Suppose b = 3*m - 38 - 1. What is the greatest common divisor of